
Let p(h) = -21*h**2 + 1. Let a(x) = 4744*x**2 - 66 - 17*x - 4745*x**2 - x. Let w be a(-5). What is p(w)?
-20
Suppose 4*m = -1 - 43. Let t = 20 + m. Let k(q) be the first derivative of -q**3/3 + 5*q**2 - 11*q - 789. Calculate k(t).
-2
Let t(a) = -2*a**3 + 20*a**2 - a**3 + 2*a**3 + 0*a**3 + 14 + 21*a - 15. Let j be t(21). Let q(k) = 6*k + 3. Calculate q(j).
-3
Let w(m) = 8100 + 35*m - m**3 + 10*m**2 + 0*m**3 - 8094 - 12*m. What is w(12)?
-6
Let a(d) = d**2 + 5*d - 2. Suppose 22*r - 224 = -6*r. Suppose -2*u - 12 = 3*j, 3*j = j + 2*u - r. Calculate a(j).
-6
Let c(q) = -q**2 - 8*q + 13. Let n = -70 + 75. Let h(z) = -14*z. Let r be h(n). Let w = r + 60. What is c(w)?
-7
Let q(z) be the third derivative of 1/12*z**4 + 9*z**2 - 1/20*z**5 + 1/6*z**3 + 0 + 0*z + 1/120*z**6. Give q(3).
7
Let f(k) = -485*k**3 + 8*k**2 - 11*k + 5. Let m(a) = -180*a**3 + 3*a**2 - 4*a + 2. Let y(d) = 3*f(d) - 8*m(d). Determine y(-1).
15
Let x(s) be the third derivative of 1/12*s**4 + 0*s - 267*s**2 + 8/3*s**3 + 0 - 1/120*s**6 - 3/20*s**5. Determine x(-9).
-2
Let v(d) be the third derivative of -d**5/60 + d**4/6 + 13*d**3/6 - 62*d**2 - 3*d. Give v(8).
-19
Let i(c) = -c**2 - 4*c. Let g = 16002 + -16007. Give i(g).
-5
Let j(f) = 6*f - 3*f**2 - 1051 + 1044 + 2*f**2. Let z = 65 - 61. Suppose 0 = -2*x + 16 - z. What is j(x)?
-7
Let c(x) = -3 + 13*x**2 - 22*x**2 + 13*x**2 + 2*x. Let v be c(1). Suppose 28 = -2*o + 4*t, -2*o = -0*o + v*t + 7. Let h(n) = n + 2. What is h(o)?
-6
Let x(o) = -4*o**2 + o + 7. Suppose 2*p + p = 5*u + 6, -3*p = 5*u + 24. Give x(p).
-32
Suppose -168*w + 36 = -4*z - 169*w, 52 = -5*z - 3*w. Let v(q) = q**3 + 6*q**2 - 11*q + 6. Give v(z).
-34
Let f(m) = -m**3 + 7*m**2 - 2*m. Let q(o) = -o**2 + 33*o - 50. Let i be q(26). Suppose i*l - 21 = 129*l. Determine f(l).
-14
Let i(t) = 272 + 2*t - 271 - 3*t + 5*t. Let b(m) = m**2 + 7*m - 11. Let h be b(-8). Determine i(h).
-11
Let q(o) = -2*o**2 + 5*o - 4. Let k = -59 - 5. Suppose y - n = -66, 20 = 126*n - 122*n. Let f = y - k. Determine q(f).
-7
Let x(r) be the first derivative of r**3/3 - 15*r**2/2 + 6*r + 1230. What is x(14)?
-8
Let m(l) = -4*l + 6*l - 1 - 1. Let i = 43 + -27. Suppose -3*h - 11*d + 13*d = 12, -d - i = 4*h. Determine m(h).
-10
Let q(u) = -4*u**2 - 43*u + 216. Let d(p) = 9*p**2 + 86*p - 428. Let a(t) = -5*d(t) - 11*q(t). Calculate a(6).
-14
Let h be 7 + 9*(-11)/11. Let p(b) = -13*b + 4. Let f(u) = 3*u - 1. Let a(y) = -18*f(y) - 4*p(y). Give a(h).
6
Let j(h) = -2*h**3 + 2*h**2 + 4*h - 5. Let w = 1450 + -807. Let r = w - 641. Calculate j(r).
-5
Let p(w) be the third derivative of -w**6/120 + w**5/10 + 13*w**4/24 + 19*w**3/6 + 33*w**2 - 27*w. Give p(8).
-5
Let p(f) = f**3 + 12*f**2 + 8*f + 16. Suppose 3*d = -o - 34, 4*d - 4*o - 15 = 5*d. What is p(d)?
49
Let l(q) = 2*q - 6. Let k(f) = -f**3 + 2*f**2 + 17*f - 16. Let p be k(-4). Suppose 52 - 200 = -4*r. Suppose -r = -5*b - p. Give l(b).
4
Let r be (-48)/(-4) + 7/(35/10). Let u be (-135)/(-7) - 6 - 4/r. Let b(k) = -k**2 + 14*k - 5. Give b(u).
8
Let i = -636 - -639. Let r(a) = 399*a**2 - 402*a**2 + a**3 + 1 - 1 + i*a**3. What is r(2)?
20
Let a(x) = 3*x**2 - 22*x + 1. Suppose 354*m + 578 = 2702. What is a(m)?
-23
Suppose -480*z + 120 = -420*z. Let x(s) = s**3 - s - 1. Let v(w) = -w**3 + 2*w + 1. Let h(a) = 3*v(a) + 4*x(a). Calculate h(z).
11
Let b(x) = 1 - 6 - 9*x**2 + 11*x - 2*x**3 - 10*x + 4*x - 15*x**2. Give b(-12).
-65
Let x(o) = -3*o**2 + 14*o + 25. Suppose -69*i + 64*i + 22 = -8. Calculate x(i).
1
Suppose 11*a - 229 - 684 = 0. Suppose -74*r = -a*r - 27. Let v(p) = -2*p**2 - p - p**3 - 2*p**2 + 1 + 2*p. Calculate v(r).
-11
Suppose -4*m = -2*m. Let y(z) = 1755*z**2 + 1755*z**2 - 3509*z**2. What is y(m)?
0
Let w be (192/8)/(1 + (-5)/3). Let z = w - -30. Let t(r) = r - 6. Calculate t(z).
-12
Let i(k) = 4*k**2 + 18*k - 47. Let o be i(6). Suppose -o*j + 210*j = 25. Let m(r) = 3 + 1 + 3 - 3*r. Give m(j).
-8
Let n(x) = -26*x - 25. Suppose 462*m + 55 = 410*m + 3. Determine n(m).
1
Let u(s) = 22*s**3 - 48*s**2 - 43*s + 242. Let t(b) = -5*b**3 + 12*b**2 + 10*b - 60. Let j(n) = 9*t(n) + 2*u(n). Give j(12).
-8
Let b(z) = 2*z**2 - 9*z + 2. Let t(x) = 8*x - 23. Let c be t(4). Let h be c/(-21) - 16/28. Let r be (56/(-84))/(h/9). Calculate b(r).
20
Let v(x) = 95007*x - 8*x**2 - x**3 + 95007*x - 190019*x - 6. What is v(-8)?
34
Let h(c) = -2*c**2 + 22*c - 55. Let s be 320/(-72)*(-3)/(-2)*84/(-70). What is h(s)?
-7
Let q(h) = 14*h + 9. Let p(m) = -11*m - 6. Let z(u) = 4*p(u) + 3*q(u). Calculate z(2).
-1
Let z(i) = 14*i - 31 - 29 + 10*i**2 + 69. Let b(c) = -5*c**2 - 6*c - 4. Let h(n) = 7*b(n) + 3*z(n). Give h(-1).
-6
Suppose -17 + 2 = -3*v. Suppose -v + 0 = -5*w. Let x(g) = 1258970*g**2 - 1 + 5*g**3 - 1258970*g**2 + g. Give x(w).
5
Let x(n) = -9*n + 71. Let z = -2545 + 2552. Determine x(z).
8
Let g(y) = -2*y**3 - y**2 - 5*y - 5. Let t = 3588 - 3590. Calculate g(t).
17
Let h(d) be the second derivative of -20*d + 0 + 0*d**2 - 1/6*d**3 - 7/4*d**4. Suppose 4*y - 4*z = -20, y = 4*z - 2 - 15. Give h(y).
-20
Let i(t) be the third derivative of t**5/60 + 3*t**4/4 + 15*t**3/2 + 757*t**2. Give i(-13).
-20
Let z(j) = j**2 - 10*j. Let m(c) = 3*c**2 + c + 2. Let n be m(-1). Suppose -t + 0*t - 36 = -n*b, -3*t - 18 = -3*b. Calculate z(b).
0
Let h(z) be the second derivative of -z**4/4 - z**3/3 - 3*z**2/2 - 61*z. Let r(d) = d**2 + 3*d - 3. Let b be r(1). Suppose b + 5 = -3*c. What is h(c)?
-11
Let v(h) = 7*h**2 - 9*h + 6. Let s(d) = -9*d**2 + 10*d - 6. Suppose 2*z - 11 + 13 = 3*p, 5*z - 4*p - 2 = 0. Let c(u) = z*s(u) + 3*v(u). Calculate c(4).
26
Let n(h) = -8*h**2 - 21*h - 69. Let d(p) = -8*p**2 - 20*p - 84. Let l(t) = 5*d(t) - 6*n(t). Determine l(-3).
-12
Let q(n) = -2*n**2 - 71*n - 35. Let h be q(-35). Let c(p) = h + 3*p + p**2 + 3 + 0 - 1 - 6. Give c(3).
14
Let y(n) = n**2 + 2*n - 8. Let s be y(11). Suppose 9*v - s = -0*v. Suppose 3*r = v - 27. Let l(a) = a**2 + 7*a + 2. Determine l(r).
-10
Let t(i) be the second derivative of i**5/20 + i**4/4 + 2*i**3/3 + i**2 - 2*i. Let w(o) = -2*o**2 + 47*o - 19. Let k be w(20). Let z = -123 + k. Determine t(z).
-2
Suppose 60*n - 304 = -n + 245. Let b(h) = 4*h + 1. What is b(n)?
37
Suppose -r + 6 = 12*r - 163. Let x(f) be the second derivative of 1/6*f**3 - 1/2*f**2 - r*f + 0. What is x(0)?
-1
Suppose 4*g = 70 + 2. Let t be (6/21)/(7/49). Let i(w) = 34*w - w**t - 5 - g*w - w**3 - 2*w**2 - 13*w. Calculate i(-4).
-1
Let d(u) = u**2 - 5*u + 12. Suppose 0 = 5*i + 2*z - 31, 6*z = -15*i + 13*i + 28. What is d(i)?
12
Let w(h) be the second derivative of 2*h**3/3 - 3*h**2/2 + 61316*h. Let g be (-6)/21 + 4/14. What is w(g)?
-3
Let y(i) = -2*i + 27. Suppose 26*f - 56*f = 69*f - 1188. What is y(f)?
3
Let m = -80 - -169. Let t(b) = -100 + b + m - 2*b. Let a(v) = -v - 6. Let d be a(0). Determine t(d).
-5
Let x(y) = -6*y**3 + 4*y**2 + y - 11. Let r(f) be the second derivative of f**5/20 - f**4/12 + f**2 + 42*f. Let a(m) = 5*r(m) + x(m). What is a(-2)?
1
Let v(s) = s + 4. Suppose -4*t + 2 = -k, -6 = -k - 0*k + 2*t. Suppose -4*q = 5*p + k, 5*p + 9 = 6*q - 5*q. Calculate v(p).
2
Let r(d) = -17*d - 33. Let h(j) = -5*j + 2. Let x(k) = -2*h(k) + r(k). Determine x(-4).
-9
Let v(i) = 6*i + 1. Suppose 4*k + 5*p + 3 = 0, -p = -4*k - 5*p - 8. What is v(k)?
-41
Suppose -11*g = -41 + 30. Let l(k) = -k**3 + 2*k**2 - k - 1. Let u(m) = -3*m**3 + 2*m**2 - 5*m - 10. Let a(o) = g*u(o) - 4*l(o). Calculate a(5).
-36
Let u(o) = -o**3 - 44*o**2 + 2*o + 92. Let r(j) = j**3 - 17*j**2 - 33*j + 226. Let b be r(18). Determine u(b).
4
Let i(n) be the second derivative of -n**6/720 + n**5/10 - n**4/12 - 3*n - 2. Let v(o) be the third derivative of i(o). Give v(6).
6
Let p be -1*5*1*3. Let h(l) be the first derivative of l**4/4 + 16*l**3/3 + 8*l**2 + 21*l + 18057. Calculate h(p).
6
Let a(d) = -2*d**2 + 1515*d + 7628. Let p be a(-5). Let t(r) = 5*r**2 + 4*r - 4. Let g(o) = o**3 + 6*o**2 + 5*o - 5. Let i(q) = 2*g(q) - 3*t(q). Determine i(p).
23
Let n = -2 - -4. Let u = -5 + n. Let p(m) be the first derivative of -m**3/3 - 2*m**2 - 4*m - 11613. Determine p(u).
-1
Let h(q) be the third derivative of 1/60*q**6 + q**2 + 18 + 0*q**3 + 1/12*q**4 + 0*q - 1/15*q**5. Give h(2).
4
Let z(a) be the second derivative of a**5/20 - a**4/2 - a**3/2 + 3*a**2 + a. Let d = -71961 + 71967. What is z(d)?
-12
Su